multiple of 17?
False
Does 20 divide 96304?
False
Does 10 divide 9231743?
False
Is 69 a factor of 26703?
True
Is 145441 a multiple of 3?
False
Does 7 divide 82120?
False
Does 240 divide 1374344?
False
Does 25 divide 6946775?
True
Is 3392967 a multiple of 93?
False
Is 19 a factor of 249755?
True
Is 2873359 a multiple of 59?
True
Is 1164 a factor of 13381791?
False
Is 8453133 a multiple of 13?
True
Is 130 a factor of 442696?
False
Is 1210912 a multiple of 12?
False
Is 7 a factor of 642138?
True
Does 234 divide 3190122?
True
Is 46 a factor of 11403170?
True
Does 12 divide 3548676?
True
Is 340 a factor of 1426169?
False
Does 649 divide 8517476?
True
Is 1836379 a multiple of 7?
False
Is 24 a factor of 9544?
False
Does 272 divide 274720?
True
Is 1024203 a multiple of 62?
False
Is 3995428 a multiple of 30?
False
Does 123 divide 168633?
True
Does 56 divide 7630179?
False
Does 5 divide 247108?
False
Is 222449 a multiple of 88?
False
Does 172 divide 120894?
False
Is 803 a factor of 271414?
True
Is 4918320 a multiple of 24?
True
Does 34 divide 71366?
True
Is 26 a factor of 8086?
True
Is 555 a factor of 328161?
False
Does 7 divide 525100?
False
Is 119 a factor of 23681?
True
Is 2890 a multiple of 16?
False
Does 198 divide 16581?
False
Is 981088 a multiple of 62?
True
Is 13171242 a multiple of 42?
True
Is 40122 a multiple of 54?
True
Is 495215 a multiple of 96?
False
Is 1523 a multiple of 2?
False
Is 1065000 a multiple of 15?
True
Is 4210 a multiple of 3?
False
Does 100 divide 159200?
True
Is 5 a factor of 1335470?
True
Does 7 divide 59249?
False
Does 11 divide 216844?
False
Is 176 a factor of 7598096?
True
Is 641742 a multiple of 2?
True
Does 34 divide 11588370?
False
Is 957793 a multiple of 339?
False
Does 1932 divide 6127618?
False
Is 2648147 a multiple of 8?
False
Is 403 a factor of 586768?
True
Is 853254 a multiple of 54?
True
Is 137808 a multiple of 65?
False
Does 232 divide 1312192?
True
Does 9 divide 552298?
False
Is 281782 a multiple of 19?
False
Is 35 a factor of 404705?
True
Is 58 a factor of 1392?
True
Does 56 divide 11043?
False
Does 37 divide 6634100?
True
Does 866 divide 1323078?
False
Is 7 a factor of 36907?
False
Does 743 divide 355154?
True
Is 7 a factor of 409130?
False
Is 135 a factor of 56970?
True
Does 179 divide 428532?
False
Is 33 a factor of 622875?
True
Does 24 divide 3261192?
True
Is 4297487 a multiple of 11?
False
Is 6187140 a multiple of 18?
True
Does 249 divide 8712261?
True
Is 5 a factor of 1130?
True
Does 24 divide 21552?
True
Is 7249017 a multiple of 21?
False
Is 429 a factor of 726663?
False
Is 84040 a multiple of 40?
True
Is 4 a factor of 425388?
True
Does 58 divide 792186?
False
Is 4 a factor of 23060?
True
Does 251 divide 952953?
False
Does 22 divide 707124?
True
Does 62 divide 661850?
True
Is 2 a factor of 170552?
True
Is 8 a factor of 3827416?
True
Does 3 divide 5305?
False
Is 53 a factor of 5211172?
True
Is 4014816 a multiple of 312?
True
Does 546 divide 3096366?
True
Is 36 a factor of 1391688?
True
Is 33 a factor of 462495?
True
Is 97 a factor of 2663975?
False
Is 13268 a multiple of 2?
True
Is 4824891 a multiple of 844?
False
Is 3 a factor of 33286?
False
Is 352459 a multiple of 71?
False
Does 27 divide 3582603?
True
Is 324860 a multiple of 5?
True
Does 810 divide 2761635?
False
Does 9 divide 780831?
True
Is 86905 a multiple of 17?
False
Is 370044 a multiple of 342?
True
Is 631736 a multiple of 56?
True
Does 68 divide 1215840?
True
Is 145 a factor of 28164998?
False
Is 928 a factor of 3290688?
True
Is 559450 a multiple of 32?
False
Is 1164 a factor of 2903016?
True
Is 22 a factor of 4305928?
True
Is 1122069 a multiple of 13?
True
Does 41 divide 66991?
False
Does 21 divide 20828?
False
Is 311 a factor of 1961919?
False
Is 64 a factor of 1702976?
True
Does 115 divide 343236?
False
Does 212 divide 8107057?
False
Does 121 divide 1014978?
False
Is 53 a factor of 65526?
False
Is 40 a factor of 47594?
False
Does 135 divide 1628121?
False
Is 59 a factor of 109106?
False
Is 3 a factor of 3860?
False
Does 550 divide 398270?
False
Does 34 divide 267886?
True
Does 52 divide 35776?
True
Does 24 divide 12059?
False
Is 35 a factor of 2240415?
False
Is 5939871 a multiple of 498?
False
Does 678 divide 8384589?
False
Is 6 a factor of 2249046?
True
Is 69 a factor of 325484?
False
Is 537 a factor of 9427700?
False
Does 5 divide 3934050?
True
Does 1691 divide 6628162?
False
Does 30 divide 716481?
False
Is 28275 a multiple of 29?
True
Is 2405671 a multiple of 76?
False
Does 164 divide 52808?
True
Does 5 divide 55450?
True
Does 188 divide 5729?
False
Does 683 divide 16697984?
True
Is 1229045 a multiple of 5?
True
Is 585 a factor of 8569665?
True
Is 4 a factor of 19971?
False
Is 1113500 a multiple of 307?
False
Is 329 a factor of 173529?
False
Is 19 a factor of 230182?
False
Is 207 a factor of 3263976?
True
Does 47 divide 2094308?
False
Does 15 divide 742997?
False
Is 41 a factor of 74231?
False
Does 275 divide 3529900?
True
Does 90 divide 777879?
False
Is 25 a factor of 146215?
False
Is 10815290 a multiple of 50?
False
Does 157 divide 2840039?
False
Is 14 a factor of 7801438?
False
Is 25745 a multiple of 95?
True
Is 423748 a multiple of 26?
True
Is 323736 a multiple of 14?
True
Is 95 a factor of 144210?
True
Does 110 divide 1580944?
False
Is 205 a factor of 152262?
False
Is 481472 a multiple of 94?
False
Is 490 a factor of 296450?
True
Does 10 divide 238947?
False
Does 17 divide 897193?
False
Does 23 divide 254656?
True
Does 360 divide 1186560?
True
Is 202 a factor of 103222?
True
Does 15 divide 593340?
True
Is 4320600 a multiple of 46?
False
Is 152324 a multiple of 19?
False
Does 24 divide 23689234?
False
Is 59 a factor of 214318?
False
Is 62 a factor of 1881770?
False
Does 33 divide 367851?
True
Is 1480279 a multiple of 79?
False
Is 53 a factor of 351521?
False
Is 90607 a multiple of 11?
True
Is 838798 a multiple of 62?
True
Does 96 divide 112512?
True
Is 558770 a multiple of 19?
False
Is 197 a factor of 721217?
True
Does 276 divide 369012?
True
Is 414 a factor of 43021?
False
Is 123 a factor of 22775739?
False
Is 840733 a multiple of 457?
False
Does 167 divide 283566?
True
Is 522583 a multiple of 389?
False
Does 19 divide 339549?
True
Does 27 divide 241758?
True
Is 14 a factor of 1052930?
False
Does 9 divide 1372320?
True
Does 298 divide 1413154?
False
Is 726624 a multiple of 18?
True
Is 1115 a factor of 11047420?
True
Is 25748 a multiple of 41?
True
Is 150 a factor of 33698?
False
Is 237 a factor of 170685?
False
Is 21 a factor of 2039772?
True
Is 14 a factor of 632492?
True
Does 109 divide 2178013?
False
Is 9 a factor of 502198?
False
Does 4 divide 4326?
False
Is 25308051 a multiple of 134?
False
Does 20 divide 1352561?
False
Is 142 a factor of 498846?
True
Is 79662 a multiple of 2?
True
Is 272061 a multiple of 57?
True
Is 2 a factor of 41604?
True
Does 15 divide 109245?
True
Does 51 divide 1474104?
True
Is 136441 a multiple of 17?
False
Is 98 a factor of 1572116?
True
Is 33 a factor of 7698240?
True
Does 118 divide 23246?
True
Is 304 a factor of 135573?
False
Is 1954430 a multiple of 27?
False
Is 46 a factor of 75404?
False
Does 12 divide 248339?
False
Is 1447291 a multiple of 18?
False
Does 123 divide 47109?
True
Is 9235680 a multiple of 71?
True
Does 6 divide 39183?
False
Is 845247 a multiple of 39?
True
Is 9951640 a multiple of 145?
True
Is 123 a factor of 196983?
False
Is 207315 a multiple of 271?
True
Is 328225 a multiple of 16?
False
Does 91 divide 1597141?
True
Does 7 divide 9938825?
False
Is 877153 a multiple of 44?
False
Does 2 divide 396257?
False
Does 511 divide 487723?
False
Does 163 divide 790061?
True
Is 433 a factor of 6989279?
False
Does 15 divide 897839?
False
Is 7780960 a multiple of 32?
True
Is 435420 a multiple of 6?
True
Does 20 divide 32611?
False
Does 4 divide 29398?
False
Is 536896 a multiple of 64?
True
Is 296922 a multiple of 34?
True
Does 431 divide 2228701?
True
Is 3766661 a multiple of 38?
False
Does 11 divide 88963?
False
Does 556 divide 894451?
False
Is 23651 a multiple of 367?
False
Does 12 divide 96556?
False
Is 279 a factor of 214366?
False
Is 28 a factor of 279272?
True
Does 6 divide 4005044?
False
Does 8 divide 323177?
False
Is 9 a factor of 8953?
False
Is 33398 a multiple of 5?
False
Is 22 